*o**2 + o + 2. Is s(l) a composite number?
False
Let g(q) = -111*q + 23. Let d = 39 - 69. Is g(d) composite?
True
Let c = 443 - 162. Suppose 275*n + 318 = c*n. Is n a composite number?
False
Let u(m) = -531*m + 280. Let d be u(5). Let n = -3343 - -9347. Let a = n + d. Is a prime?
False
Suppose 5*h - 27 = 3*a, h - 4*a + 1 = -5*a. Suppose -j = 3*z + h, 0*z + z = -3*j + 15. Suppose j = -2*s, 5*s = -0*d - 2*d + 127. Is d composite?
False
Suppose 74*b - 71*b + 57 = 0. Is ((-1052790)/(-20))/b*(-4)/6 a composite number?
False
Let b(k) = -11*k**2 - 17*k - 18. Let y be b(-10). Let l be (4/1)/(6*(-2)/y). Suppose -p + l = 2*h - 685, -5029 = -5*p - 4*h. Is p prime?
True
Suppose -3*w - 3*n - 7081 = -66070, -5*n = -w + 19663. Suppose -7*f + 0*f + w = 0. Is f composite?
True
Let d = -67 - -69. Is d/(-2)*(-31 + -1552) a composite number?
False
Let h(q) = 194*q - 7. Let w be h(5). Suppose i - s - 105 = -675, -2*s - 1124 = 2*i. Let m = w + i. Is m a composite number?
False
Let s(i) = i**3 + 4*i**2 - 12*i + 3. Let k be s(-6). Let m be 6*(-2 + k)/(9 + -6). Suppose -m*n - n = o - 406, -4*o + 1675 = -5*n. Is o a prime number?
False
Suppose -4238 = -5*f + 5582. Let y = 3363 - f. Is y prime?
True
Let x(j) = 3*j + 2. Let g be x(0). Suppose 0 = 5*u + 2*i - 0*i - 15, -u + g*i = -3. Suppose -u*s + 157 + 1736 = 0. Is s a prime number?
True
Let c(a) = -a**3 - 75*a**2 - 260*a + 169. Is c(-100) a composite number?
True
Suppose -o = -142*f + 144*f - 7762264, -5*o = f - 3881159. Is f a prime number?
False
Let c = 6 - 4. Is 3/c*(-12574)/(-3) composite?
False
Let g(y) = 4*y**3 - 11*y**2 + y + 43. Let w be (69 - 69) + (6 - 0). Is g(w) prime?
False
Let u = 70 - 47. Suppose -2 = 24*i - u*i, 2*v + i - 9108 = 0. Is v a prime number?
False
Suppose -3821 = -w + 4172. Is w - (-3)/(-3) - (-27)/27 prime?
True
Suppose 33063 = 8*l + 245543. Let m = l + 47103. Is m prime?
True
Suppose -8*o = -69 - 163. Suppose 138057 = 22*q + o*q. Is q a prime number?
True
Let c(n) = -n**3 - 22*n**2 + 2. Suppose 68 + 64 = -6*q. Let g be c(q). Suppose -3*j + f = -g*j - 1365, 0 = j + f - 1357. Is j prime?
True
Let f be 636984/90 + 4/10. Suppose -6*l + 23456 = -f. Is l a prime number?
False
Suppose -3*o = -5*y + 26, 2*o - 9 + 13 = 0. Suppose 5*i + 0*b = -y*b + 46155, -2*b - 46185 = -5*i. Is i a prime number?
False
Let l(m) = -m**3 + 149*m**2 + 138*m + 2299. Is l(141) a prime number?
False
Suppose -134355 = -7*v + 153338. Is v prime?
False
Is 1 + (-7)/4 - 139022/(-8) prime?
True
Let r be (2/4)/((-23)/(-3680)). Let k = -71 + r. Suppose k*m = m + 3128. Is m a composite number?
True
Let v(i) = -i**3 + 36*i**2 - 69*i + 34. Let y be v(34). Suppose y = 2*a - 5*f - 5897, 2*a + 8*f = 10*f + 5900. Is a a prime number?
False
Let j(h) = 230*h - 171. Let s(i) = i**3 - 12*i - 3. Let b be s(4). Is j(b) a composite number?
False
Let c(r) = r - 27. Let j be c(30). Suppose 0 = -j*s - 88 + 3385. Is s prime?
False
Let t(l) be the first derivative of 40*l + 483/2*l**2 - 13. Is t(5) composite?
True
Suppose -5*y + 289958 = v, 2*v + 82880 = 2*y - 33096. Is y a composite number?
False
Suppose 0 = 3*f + 3, 4*f - 2*f = 3*r - 217934. Let h = r - 51501. Is h composite?
False
Let n(a) = -27 - 158*a + 13 - 222*a + 0. Suppose 0 = 8*b - 5*b + 36. Is n(b) composite?
True
Let w be ((-4 - -4)/(-5))/5. Suppose -48*d + 4920 = 5*p - 43*d, -3*p - 4*d + 2957 = w. Is p composite?
True
Let t = -831 - -843. Suppose t*x - 40240 = 94316. Is x composite?
False
Suppose 18*s - 6179754 = -12*s - 12*s. Is s prime?
True
Let a(m) = -580*m**2 - 4*m - 5. Let b be a(-1). Let q = b - -1750. Is q a composite number?
True
Let j(d) = -2 - 1 - 15899*d + 14796*d. Is j(-14) a prime number?
True
Is -33325*(3 - 4) - (-36 - -39) composite?
True
Suppose 5*b - 23 + 3 = 0. Suppose 13 = b*r + 3*z, -5*r - 3*z = z - 16. Suppose -r*m + 6*m = 310. Is m a composite number?
True
Suppose -4*c + n = -79, -2*n = 4*c - 0*c - 94. Suppose -c*k + 40380 = -17*k. Suppose 8*h - 11*h + k = 0. Is h a composite number?
True
Suppose 5*r + 248433 = 3*w, -22*w + r + 82811 = -21*w. Is w composite?
False
Let a be 39 - ((-5)/5 + -2). Let v = 28 + a. Suppose -v = w - 2189. Is w prime?
False
Let w(y) = y**3 + y**2 + y - 1. Let i(t) = 3*t**3 - 7*t**2 + 15*t + 4. Let h(q) = -i(q) + 4*w(q). Let k be h(-7). Suppose -6*p = -11*p + k. Is p prime?
True
Let u(d) = 3*d**2 - d + 237. Let j = 36 - 33. Let z be (3 - j - -1 - 1)*1. Is u(z) prime?
False
Let c(f) = -f**3 + 3*f**2 - 5*f - 11. Suppose 3 = p + 4*s, -3*p + 0 = 5*s - 2. Let j(n) = -n**2 - n. Let m(y) = p*c(y) + 5*j(y). Is m(12) a composite number?
False
Suppose 5*i = 5*n - 802 + 24242, 3*n - 14046 = -3*i. Is i composite?
True
Let w(u) = -u**2 + 13*u - 26. Let j be w(5). Let x be 5*((-24)/70)/((-4)/j). Is 2635 + 0 + x/(-3) prime?
True
Let i be (70/42)/(1/(-2463)). Let d = -2914 - i. Is d composite?
True
Suppose 0 = -v + 3*l + 1318801, 160*l - 164*l + 2637662 = 2*v. Is v a composite number?
True
Let r(x) = 248*x**2 - 3*x + 33. Is r(10) a composite number?
True
Suppose 5*f + 3*d - 16100 = 0, -3*f + 11321 = 2*d + 1662. Let l = 6042 - f. Is l a prime number?
True
Let u(l) be the third derivative of -5*l**4/8 - 8*l**3/3 - 44*l**2. Suppose t - 1 = -2*f - 14, 2*t = -3*f - 26. Is u(t) a composite number?
False
Suppose -3*c = -3*c - 5*c. Suppose -7*h + 14*h - 35 = c. Let a(d) = d**3 + d**2 - 7*d + 3. Is a(h) a composite number?
True
Let v(x) = 3723*x**2 + 25*x + 1. Is v(-3) composite?
True
Let t(m) = -2*m**3 - 63*m**2 + 534*m + 739. Is t(-78) a composite number?
False
Let g be (3/(-9))/(6/(-4806)). Let k(p) = 11*p**2 - 10*p + 15. Let l be k(10). Suppose -l - g = -2*i. Is i a prime number?
True
Is (-23326)/(-3)*9 + 3 - -4 composite?
True
Is 334/(-2505) - (-2763647)/15 composite?
True
Let m = -1028 + 2118. Suppose -m - 156 = -2*b. Is b a prime number?
False
Suppose 37*g + 326380 = 47*g. Is g a composite number?
True
Let v(p) = 4*p - 2*p**3 - 5*p**2 + 13 + p**3 - 14. Let q = -45 + 39. Is v(q) a composite number?
False
Let o = 984 - 979. Suppose -o*x + 22795 = -2*j, 3*x - 22*j - 13708 = -27*j. Is x a prime number?
True
Suppose 9*v - 13*v = -2464. Let d = v + -218. Let w = d - -19. Is w prime?
False
Suppose 2507784 = 20*j + 17*j - 13*j. Is j composite?
False
Suppose 214*z + 16 = 218*z. Suppose -y = 0, -z*u + 431 = -5*y + 147. Is u prime?
True
Suppose 4*m = -2*q - 170, -2*m - 5*q - 185 = 2*m. Let k be (-9)/(-6)*m/(-12). Suppose 4*a - 4048 = 3*g, 9*a = k*a - 4*g + 4020. Is a prime?
True
Let t = 5810 - 5807. Let a(o) = 76*o**3 - 4*o**2 - 2*o - 9. Let h(v) = -229*v**3 + 13*v**2 + 7*v + 28. Let q(i) = 7*a(i) + 2*h(i). Is q(t) composite?
False
Let h = -119115 - -355510. Is h a composite number?
True
Let z = -2241579 - -3808610. Is z prime?
True
Suppose -739*u + 692*u + 12386615 = 0. Is u a composite number?
True
Let r be (40/12)/((-2)/(-3)). Suppose -2*t + r*t = 0. Suppose t = u - 3 + 6, -3*q + 462 = -5*u. Is q prime?
True
Let x(w) be the third derivative of -1/6*w**3 + 0*w - 14*w**2 + 1/12*w**4 + 203/30*w**5 + 0. Is x(1) a composite number?
True
Suppose 4*f - 65081 = 3*q, 62*f - 66*f + 86768 = -4*q. Let s = q + 49226. Is s a prime number?
True
Let t be 1/(-8) + (-274206)/16. Is ((-5 - t/4) + 1)*2 composite?
True
Let d be 1*17*102*(-5)/(-30). Let q = d - -396. Is q prime?
False
Let v = -2448 - -9899. Is v prime?
True
Let d = -44 - -60. Let y(u) = u**3 + 5*u**2 + 4*u - 19. Let n be y(d). Let x = n + -2240. Is x composite?
False
Suppose -349*o = -345*o - 16. Suppose 2*d - 4*a + a - 15350 = 0, -7653 = -d - o*a. Is d a composite number?
False
Let r be -510*(-3 + 2) + 9/(-3). Suppose 0 = -39*w + 42*w - r. Is w composite?
True
Let n be 10645/((-40)/8)*-1. Let o = n + -498. Is o a composite number?
True
Let f be (-6*4/40)/(1/(-95)). Let h = 39 - f. Is (20/90 - 5/h)*1358 prime?
False
Let q(j) = 6*j - 24. Let o be q(5). Let u(t) = -38*t + 39. Let k be u(o). Is 8/(-10) + k/(-5) composite?
False
Is (-680608)/208*(-39)/6 a prime number?
True
Let z(o) = o**2 - 440 + 14*o**3 + 444 - 3*o - o**3. Let y(c) = -c**2 + 2. Let w be y(0). Is z(w) composite?
True
Let d(r) = -20*r**3 - 9*r**2 + 2*r - 2. Let p be d(-4). Suppose 81358 - p = 8*q. Is q prime?
False
Let s = -39 + 49. Let c = -5343 - -8241. Is c/35 + 2/s a composite number?
False
Let j = 398 - 394. Suppose -j*s + 2*s + 20963 = 3*p, s - 6